{"id":89,"date":"2025-01-28T08:09:05","date_gmt":"2025-01-28T07:09:05","guid":{"rendered":"https:\/\/www.archipelago.bzh\/?page_id=89"},"modified":"2025-02-05T14:37:56","modified_gmt":"2025-02-05T13:37:56","slug":"solidarite","status":"publish","type":"page","link":"https:\/\/www.archipelago.bzh\/index.php\/solidarite\/","title":{"rendered":"Solidarit\u00e9"},"content":{"rendered":"\n<figure class=\"wp-block-gallery has-nested-images columns-5 is-cropped wp-block-gallery-1 is-layout-flex wp-block-gallery-is-layout-flex\">\n<figure class=\"wp-block-image size-large\"><img loading=\"lazy\" decoding=\"async\" width=\"724\" height=\"1024\" data-id=\"528\" src=\"https:\/\/www.archipelago.bzh\/wp-content\/uploads\/2025\/02\/workshop_3-724x1024.jpg\" alt=\"\" class=\"wp-image-528\" srcset=\"https:\/\/www.archipelago.bzh\/wp-content\/uploads\/2025\/02\/workshop_3-724x1024.jpg 724w, https:\/\/www.archipelago.bzh\/wp-content\/uploads\/2025\/02\/workshop_3-212x300.jpg 212w, https:\/\/www.archipelago.bzh\/wp-content\/uploads\/2025\/02\/workshop_3-2000x2829.jpg 2000w, https:\/\/www.archipelago.bzh\/wp-content\/uploads\/2025\/02\/workshop_3-scaled.jpg 1810w\" sizes=\"auto, (max-width: 724px) 100vw, 724px\" \/><\/figure>\n\n\n\n<figure class=\"wp-block-image size-large\"><img loading=\"lazy\" decoding=\"async\" width=\"724\" height=\"1024\" data-id=\"529\" src=\"https:\/\/www.archipelago.bzh\/wp-content\/uploads\/2025\/02\/workshop_7-724x1024.jpg\" alt=\"\" class=\"wp-image-529\" srcset=\"https:\/\/www.archipelago.bzh\/wp-content\/uploads\/2025\/02\/workshop_7-724x1024.jpg 724w, https:\/\/www.archipelago.bzh\/wp-content\/uploads\/2025\/02\/workshop_7-212x300.jpg 212w, https:\/\/www.archipelago.bzh\/wp-content\/uploads\/2025\/02\/workshop_7-2000x2829.jpg 2000w, https:\/\/www.archipelago.bzh\/wp-content\/uploads\/2025\/02\/workshop_7-scaled.jpg 1810w\" sizes=\"auto, (max-width: 724px) 100vw, 724px\" \/><\/figure>\n\n\n\n<figure class=\"wp-block-image size-large\"><img loading=\"lazy\" decoding=\"async\" width=\"724\" height=\"1024\" data-id=\"530\" src=\"https:\/\/www.archipelago.bzh\/wp-content\/uploads\/2025\/02\/workshop_2-724x1024.jpg\" alt=\"\" class=\"wp-image-530\" srcset=\"https:\/\/www.archipelago.bzh\/wp-content\/uploads\/2025\/02\/workshop_2-724x1024.jpg 724w, https:\/\/www.archipelago.bzh\/wp-content\/uploads\/2025\/02\/workshop_2-212x300.jpg 212w, https:\/\/www.archipelago.bzh\/wp-content\/uploads\/2025\/02\/workshop_2-2000x2829.jpg 2000w, https:\/\/www.archipelago.bzh\/wp-content\/uploads\/2025\/02\/workshop_2-scaled.jpg 1810w\" sizes=\"auto, (max-width: 724px) 100vw, 724px\" \/><\/figure>\n\n\n\n<figure class=\"wp-block-image size-large\"><img loading=\"lazy\" decoding=\"async\" width=\"724\" height=\"1024\" data-id=\"521\" src=\"https:\/\/www.archipelago.bzh\/wp-content\/uploads\/2025\/02\/workshop_11-724x1024.jpg\" alt=\"\" class=\"wp-image-521\" srcset=\"https:\/\/www.archipelago.bzh\/wp-content\/uploads\/2025\/02\/workshop_11-724x1024.jpg 724w, https:\/\/www.archipelago.bzh\/wp-content\/uploads\/2025\/02\/workshop_11-212x300.jpg 212w, https:\/\/www.archipelago.bzh\/wp-content\/uploads\/2025\/02\/workshop_11-2000x2829.jpg 2000w, https:\/\/www.archipelago.bzh\/wp-content\/uploads\/2025\/02\/workshop_11-scaled.jpg 1810w\" sizes=\"auto, (max-width: 724px) 100vw, 724px\" \/><\/figure>\n\n\n\n<figure class=\"wp-block-image size-large\"><img loading=\"lazy\" decoding=\"async\" width=\"724\" height=\"1024\" data-id=\"522\" src=\"https:\/\/www.archipelago.bzh\/wp-content\/uploads\/2025\/02\/workshop_10-724x1024.jpg\" alt=\"\" class=\"wp-image-522\" srcset=\"https:\/\/www.archipelago.bzh\/wp-content\/uploads\/2025\/02\/workshop_10-724x1024.jpg 724w, https:\/\/www.archipelago.bzh\/wp-content\/uploads\/2025\/02\/workshop_10-212x300.jpg 212w, https:\/\/www.archipelago.bzh\/wp-content\/uploads\/2025\/02\/workshop_10-2000x2829.jpg 2000w, https:\/\/www.archipelago.bzh\/wp-content\/uploads\/2025\/02\/workshop_10-scaled.jpg 1810w\" sizes=\"auto, (max-width: 724px) 100vw, 724px\" \/><\/figure>\n<\/figure>\n\n\n\n<div style=\"height:60px\" aria-hidden=\"true\" class=\"wp-block-spacer\"><\/div>\n\n\n\n<p class=\"has-text-align-center\">La solidarit\u00e9 est le moteur de ce projet, l&rsquo;essence m\u00eame qui lui permet de vibrer et d&rsquo;avoir un impact durable. Il ne s&rsquo;agit pas d&rsquo;un simple acte ponctuel, mais d&rsquo;une d\u00e9marche collective ancr\u00e9e dans une vision \u00e0 long terme.<\/p>\n\n\n\n<div style=\"height:100px\" aria-hidden=\"true\" class=\"wp-block-spacer\"><\/div>\n\n\n\n<p><strong>Concr\u00e8tement, la solidarit\u00e9 se manifeste \u00e0 travers plusieurs actions:<\/strong><\/p>\n\n\n\n<ul class=\"wp-block-list\">\n<li><strong>Faciliter l&rsquo;acc\u00e8s \u00e0 la glisse pour tous :<\/strong> en encourageant le don d&rsquo;\u00e9quipements et en proposant des solutions innovantes comme le <a href=\"https:\/\/www.archipelago.bzh\/index.php\/le-boardriding-pass\/\">BoardRiding Pass<\/a>, nous ouvrons les portes de la glisse aux jeunes riders en difficult\u00e9 financi\u00e8re et contribuons \u00e0 d\u00e9mocratiser l&rsquo;acc\u00e8s \u00e0 ces sports.<\/li>\n\n\n\n<li><strong>Cr\u00e9er du lien social :<\/strong> le concept du Caf\u00e9 Suspendu est une invitation \u00e0 l&rsquo;\u00e9change et au partage, un moyen de cr\u00e9er des connexions et de favoriser l&rsquo;inclusion au sein de la communaut\u00e9.<\/li>\n\n\n\n<li><strong>Soutenir l&rsquo;\u00e9conomie locale et solidaire :<\/strong> en collaborant avec les magasins, les \u00e9coles et les shapers locaux, nous favorisons une \u00e9conomie circulaire et solidaire qui profite \u00e0 tous les acteurs de la fili\u00e8re.<\/li>\n<\/ul>\n\n\n\n<p class=\"has-text-align-center\">Le BoardRiding Pass, en tant qu&rsquo;outil de d\u00e9mocratisation, joue un r\u00f4le social majeur. Il permet de briser les barri\u00e8res financi\u00e8res et de rendre la glisse accessible \u00e0 un public plus large.<\/p>\n\n\n\n<p class=\"has-text-align-center\">. Ensemble, construisons un avenir o\u00f9 la glisse est synonyme de partage, d&rsquo;inclusion et de respect pour tous.<\/p>\n\n\n\n<div style=\"height:100px\" aria-hidden=\"true\" class=\"wp-block-spacer\"><\/div>\n\n\n\n<div class=\"wp-block-buttons is-content-justification-center is-layout-flex wp-container-core-buttons-is-layout-a89b3969 wp-block-buttons-is-layout-flex\">\n<div class=\"wp-block-button\"><a class=\"wp-block-button__link wp-element-button\" href=\"https:\/\/www.archipelago.bzh\/index.php\/economie-circulaire\/\">La circularit\u00e9, comment \u00e7a ?  <\/a><\/div>\n<\/div>\n\n\n\n<div style=\"height:100px\" aria-hidden=\"true\" class=\"wp-block-spacer\"><\/div>\n\n\n\n<p><\/p>\n","protected":false},"excerpt":{"rendered":"<p>La solidarit\u00e9 est le moteur de ce projet, l&rsquo;essence m\u00eame qui lui permet de vibrer et d&rsquo;avoir un impact durable. Il ne s&rsquo;agit pas d&rsquo;un simple acte ponctuel, mais d&rsquo;une d\u00e9marche collective ancr\u00e9e dans une vision \u00e0 long terme. Concr\u00e8tement, la solidarit\u00e9 se manifeste \u00e0 travers plusieurs actions: Le BoardRiding Pass, en tant qu&rsquo;outil de &hellip; <\/p>\n<p class=\"link-more\"><a href=\"https:\/\/www.archipelago.bzh\/index.php\/solidarite\/\" class=\"more-link\">Lire la suite de<span class=\"screen-reader-text\">\u00ab\u00a0Solidarit\u00e9\u00a0\u00bb<\/span><\/a><\/p>\n","protected":false},"author":1,"featured_media":0,"parent":0,"menu_order":0,"comment_status":"closed","ping_status":"closed","template":"","meta":{"inspiro_hide_title":false,"footnotes":""},"class_list":["post-89","page","type-page","status-publish","hentry"],"yoast_head":"<!-- This site is optimized with the Yoast SEO plugin v26.2 - https:\/\/yoast.com\/wordpress\/plugins\/seo\/ -->\n<title>Solidarit\u00e9 - ARCHIPELAGO<\/title>\n<meta name=\"robots\" content=\"index, follow, max-snippet:-1, max-image-preview:large, max-video-preview:-1\" \/>\n<link rel=\"canonical\" href=\"https:\/\/www.archipelago.bzh\/index.php\/solidarite\/\" \/>\n<meta property=\"og:locale\" content=\"fr_FR\" \/>\n<meta property=\"og:type\" content=\"article\" \/>\n<meta property=\"og:title\" content=\"Solidarit\u00e9 - ARCHIPELAGO\" \/>\n<meta property=\"og:description\" content=\"La solidarit\u00e9 est le moteur de ce projet, l&rsquo;essence m\u00eame qui lui permet de vibrer et d&rsquo;avoir un impact durable. Il ne s&rsquo;agit pas d&rsquo;un simple acte ponctuel, mais d&rsquo;une d\u00e9marche collective ancr\u00e9e dans une vision \u00e0 long terme. Concr\u00e8tement, la solidarit\u00e9 se manifeste \u00e0 travers plusieurs actions: Le BoardRiding Pass, en tant qu&rsquo;outil de &hellip; Lire la suite de\u00ab\u00a0Solidarit\u00e9\u00a0\u00bb\" \/>\n<meta property=\"og:url\" content=\"https:\/\/www.archipelago.bzh\/index.php\/solidarite\/\" \/>\n<meta property=\"og:site_name\" content=\"ARCHIPELAGO\" \/>\n<meta property=\"article:publisher\" content=\"https:\/\/www.facebook.com\/ArchipelagoBrest\" \/>\n<meta property=\"article:modified_time\" content=\"2025-02-05T13:37:56+00:00\" \/>\n<meta property=\"og:image\" content=\"https:\/\/www.archipelago.bzh\/wp-content\/uploads\/2025\/02\/workshop_3-scaled.jpg\" \/>\n\t<meta property=\"og:image:width\" content=\"1810\" \/>\n\t<meta property=\"og:image:height\" content=\"2560\" \/>\n\t<meta property=\"og:image:type\" content=\"image\/jpeg\" \/>\n<meta name=\"twitter:card\" content=\"summary_large_image\" \/>\n<meta name=\"twitter:label1\" content=\"Dur\u00e9e de lecture estim\u00e9e\" \/>\n\t<meta name=\"twitter:data1\" content=\"3 minutes\" \/>\n<script type=\"application\/ld+json\" class=\"yoast-schema-graph\">{\"@context\":\"https:\/\/schema.org\",\"@graph\":[{\"@type\":\"WebPage\",\"@id\":\"https:\/\/www.archipelago.bzh\/index.php\/solidarite\/\",\"url\":\"https:\/\/www.archipelago.bzh\/index.php\/solidarite\/\",\"name\":\"Solidarit\u00e9 - ARCHIPELAGO\",\"isPartOf\":{\"@id\":\"https:\/\/www.archipelago.bzh\/#website\"},\"primaryImageOfPage\":{\"@id\":\"https:\/\/www.archipelago.bzh\/index.php\/solidarite\/#primaryimage\"},\"image\":{\"@id\":\"https:\/\/www.archipelago.bzh\/index.php\/solidarite\/#primaryimage\"},\"thumbnailUrl\":\"https:\/\/www.archipelago.bzh\/wp-content\/uploads\/2025\/02\/workshop_3-724x1024.jpg\",\"datePublished\":\"2025-01-28T07:09:05+00:00\",\"dateModified\":\"2025-02-05T13:37:56+00:00\",\"breadcrumb\":{\"@id\":\"https:\/\/www.archipelago.bzh\/index.php\/solidarite\/#breadcrumb\"},\"inLanguage\":\"fr-FR\",\"potentialAction\":[{\"@type\":\"ReadAction\",\"target\":[\"https:\/\/www.archipelago.bzh\/index.php\/solidarite\/\"]}]},{\"@type\":\"ImageObject\",\"inLanguage\":\"fr-FR\",\"@id\":\"https:\/\/www.archipelago.bzh\/index.php\/solidarite\/#primaryimage\",\"url\":\"https:\/\/www.archipelago.bzh\/wp-content\/uploads\/2025\/02\/workshop_3-scaled.jpg\",\"contentUrl\":\"https:\/\/www.archipelago.bzh\/wp-content\/uploads\/2025\/02\/workshop_3-scaled.jpg\",\"width\":1810,\"height\":2560},{\"@type\":\"BreadcrumbList\",\"@id\":\"https:\/\/www.archipelago.bzh\/index.php\/solidarite\/#breadcrumb\",\"itemListElement\":[{\"@type\":\"ListItem\",\"position\":1,\"name\":\"Accueil\",\"item\":\"https:\/\/www.archipelago.bzh\/\"},{\"@type\":\"ListItem\",\"position\":2,\"name\":\"Solidarit\u00e9\"}]},{\"@type\":\"WebSite\",\"@id\":\"https:\/\/www.archipelago.bzh\/#website\",\"url\":\"https:\/\/www.archipelago.bzh\/\",\"name\":\"ARCHIPELAGO\",\"description\":\"Connecter les id\u00e9es et les talents du territoire\",\"publisher\":{\"@id\":\"https:\/\/www.archipelago.bzh\/#organization\"},\"potentialAction\":[{\"@type\":\"SearchAction\",\"target\":{\"@type\":\"EntryPoint\",\"urlTemplate\":\"https:\/\/www.archipelago.bzh\/?s={search_term_string}\"},\"query-input\":{\"@type\":\"PropertyValueSpecification\",\"valueRequired\":true,\"valueName\":\"search_term_string\"}}],\"inLanguage\":\"fr-FR\"},{\"@type\":\"Organization\",\"@id\":\"https:\/\/www.archipelago.bzh\/#organization\",\"name\":\"ARCHIPELAGO\",\"url\":\"https:\/\/www.archipelago.bzh\/\",\"logo\":{\"@type\":\"ImageObject\",\"inLanguage\":\"fr-FR\",\"@id\":\"https:\/\/www.archipelago.bzh\/#\/schema\/logo\/image\/\",\"url\":\"https:\/\/www.archipelago.bzh\/wp-content\/uploads\/2025\/01\/1706862449330-1.jpeg\",\"contentUrl\":\"https:\/\/www.archipelago.bzh\/wp-content\/uploads\/2025\/01\/1706862449330-1.jpeg\",\"width\":100,\"height\":100,\"caption\":\"ARCHIPELAGO\"},\"image\":{\"@id\":\"https:\/\/www.archipelago.bzh\/#\/schema\/logo\/image\/\"},\"sameAs\":[\"https:\/\/www.facebook.com\/ArchipelagoBrest\",\"https:\/\/www.linkedin.com\/company\/archipelagobzh\",\"https:\/\/www.instagram.com\/archipelago.eco\"]}]}<\/script>\n<!-- \/ Yoast SEO plugin. -->","yoast_head_json":{"title":"Solidarit\u00e9 - ARCHIPELAGO","robots":{"index":"index","follow":"follow","max-snippet":"max-snippet:-1","max-image-preview":"max-image-preview:large","max-video-preview":"max-video-preview:-1"},"canonical":"https:\/\/www.archipelago.bzh\/index.php\/solidarite\/","og_locale":"fr_FR","og_type":"article","og_title":"Solidarit\u00e9 - ARCHIPELAGO","og_description":"La solidarit\u00e9 est le moteur de ce projet, l&rsquo;essence m\u00eame qui lui permet de vibrer et d&rsquo;avoir un impact durable. Il ne s&rsquo;agit pas d&rsquo;un simple acte ponctuel, mais d&rsquo;une d\u00e9marche collective ancr\u00e9e dans une vision \u00e0 long terme. Concr\u00e8tement, la solidarit\u00e9 se manifeste \u00e0 travers plusieurs actions: Le BoardRiding Pass, en tant qu&rsquo;outil de &hellip; Lire la suite de\u00ab\u00a0Solidarit\u00e9\u00a0\u00bb","og_url":"https:\/\/www.archipelago.bzh\/index.php\/solidarite\/","og_site_name":"ARCHIPELAGO","article_publisher":"https:\/\/www.facebook.com\/ArchipelagoBrest","article_modified_time":"2025-02-05T13:37:56+00:00","og_image":[{"width":1810,"height":2560,"url":"https:\/\/www.archipelago.bzh\/wp-content\/uploads\/2025\/02\/workshop_3-scaled.jpg","type":"image\/jpeg"}],"twitter_card":"summary_large_image","twitter_misc":{"Dur\u00e9e de lecture estim\u00e9e":"3 minutes"},"schema":{"@context":"https:\/\/schema.org","@graph":[{"@type":"WebPage","@id":"https:\/\/www.archipelago.bzh\/index.php\/solidarite\/","url":"https:\/\/www.archipelago.bzh\/index.php\/solidarite\/","name":"Solidarit\u00e9 - ARCHIPELAGO","isPartOf":{"@id":"https:\/\/www.archipelago.bzh\/#website"},"primaryImageOfPage":{"@id":"https:\/\/www.archipelago.bzh\/index.php\/solidarite\/#primaryimage"},"image":{"@id":"https:\/\/www.archipelago.bzh\/index.php\/solidarite\/#primaryimage"},"thumbnailUrl":"https:\/\/www.archipelago.bzh\/wp-content\/uploads\/2025\/02\/workshop_3-724x1024.jpg","datePublished":"2025-01-28T07:09:05+00:00","dateModified":"2025-02-05T13:37:56+00:00","breadcrumb":{"@id":"https:\/\/www.archipelago.bzh\/index.php\/solidarite\/#breadcrumb"},"inLanguage":"fr-FR","potentialAction":[{"@type":"ReadAction","target":["https:\/\/www.archipelago.bzh\/index.php\/solidarite\/"]}]},{"@type":"ImageObject","inLanguage":"fr-FR","@id":"https:\/\/www.archipelago.bzh\/index.php\/solidarite\/#primaryimage","url":"https:\/\/www.archipelago.bzh\/wp-content\/uploads\/2025\/02\/workshop_3-scaled.jpg","contentUrl":"https:\/\/www.archipelago.bzh\/wp-content\/uploads\/2025\/02\/workshop_3-scaled.jpg","width":1810,"height":2560},{"@type":"BreadcrumbList","@id":"https:\/\/www.archipelago.bzh\/index.php\/solidarite\/#breadcrumb","itemListElement":[{"@type":"ListItem","position":1,"name":"Accueil","item":"https:\/\/www.archipelago.bzh\/"},{"@type":"ListItem","position":2,"name":"Solidarit\u00e9"}]},{"@type":"WebSite","@id":"https:\/\/www.archipelago.bzh\/#website","url":"https:\/\/www.archipelago.bzh\/","name":"ARCHIPELAGO","description":"Connecter les id\u00e9es et les talents du territoire","publisher":{"@id":"https:\/\/www.archipelago.bzh\/#organization"},"potentialAction":[{"@type":"SearchAction","target":{"@type":"EntryPoint","urlTemplate":"https:\/\/www.archipelago.bzh\/?s={search_term_string}"},"query-input":{"@type":"PropertyValueSpecification","valueRequired":true,"valueName":"search_term_string"}}],"inLanguage":"fr-FR"},{"@type":"Organization","@id":"https:\/\/www.archipelago.bzh\/#organization","name":"ARCHIPELAGO","url":"https:\/\/www.archipelago.bzh\/","logo":{"@type":"ImageObject","inLanguage":"fr-FR","@id":"https:\/\/www.archipelago.bzh\/#\/schema\/logo\/image\/","url":"https:\/\/www.archipelago.bzh\/wp-content\/uploads\/2025\/01\/1706862449330-1.jpeg","contentUrl":"https:\/\/www.archipelago.bzh\/wp-content\/uploads\/2025\/01\/1706862449330-1.jpeg","width":100,"height":100,"caption":"ARCHIPELAGO"},"image":{"@id":"https:\/\/www.archipelago.bzh\/#\/schema\/logo\/image\/"},"sameAs":["https:\/\/www.facebook.com\/ArchipelagoBrest","https:\/\/www.linkedin.com\/company\/archipelagobzh","https:\/\/www.instagram.com\/archipelago.eco"]}]}},"_links":{"self":[{"href":"https:\/\/www.archipelago.bzh\/index.php\/wp-json\/wp\/v2\/pages\/89","targetHints":{"allow":["GET"]}}],"collection":[{"href":"https:\/\/www.archipelago.bzh\/index.php\/wp-json\/wp\/v2\/pages"}],"about":[{"href":"https:\/\/www.archipelago.bzh\/index.php\/wp-json\/wp\/v2\/types\/page"}],"author":[{"embeddable":true,"href":"https:\/\/www.archipelago.bzh\/index.php\/wp-json\/wp\/v2\/users\/1"}],"replies":[{"embeddable":true,"href":"https:\/\/www.archipelago.bzh\/index.php\/wp-json\/wp\/v2\/comments?post=89"}],"version-history":[{"count":8,"href":"https:\/\/www.archipelago.bzh\/index.php\/wp-json\/wp\/v2\/pages\/89\/revisions"}],"predecessor-version":[{"id":550,"href":"https:\/\/www.archipelago.bzh\/index.php\/wp-json\/wp\/v2\/pages\/89\/revisions\/550"}],"wp:attachment":[{"href":"https:\/\/www.archipelago.bzh\/index.php\/wp-json\/wp\/v2\/media?parent=89"}],"curies":[{"name":"wp","href":"https:\/\/api.w.org\/{rel}","templated":true}]}}