{"id":96,"date":"2025-01-28T08:11:41","date_gmt":"2025-01-28T07:11:41","guid":{"rendered":"https:\/\/www.archipelago.bzh\/?page_id=96"},"modified":"2025-02-05T10:29:06","modified_gmt":"2025-02-05T09:29:06","slug":"innovation","status":"publish","type":"page","link":"https:\/\/www.archipelago.bzh\/index.php\/innovation\/","title":{"rendered":"Innovation"},"content":{"rendered":"\n<div style=\"height:100px\" aria-hidden=\"true\" class=\"wp-block-spacer\"><\/div>\n\n\n\n<figure class=\"wp-block-image aligncenter size-large\"><img loading=\"lazy\" decoding=\"async\" width=\"1024\" height=\"683\" src=\"https:\/\/www.archipelago.bzh\/wp-content\/uploads\/2025\/02\/pexels-cottonbro-4836371-1024x683.jpg\" alt=\"\" class=\"wp-image-441\" srcset=\"https:\/\/www.archipelago.bzh\/wp-content\/uploads\/2025\/02\/pexels-cottonbro-4836371-1024x683.jpg 1024w, https:\/\/www.archipelago.bzh\/wp-content\/uploads\/2025\/02\/pexels-cottonbro-4836371-300x200.jpg 300w, https:\/\/www.archipelago.bzh\/wp-content\/uploads\/2025\/02\/pexels-cottonbro-4836371-2000x1333.jpg 2000w\" sizes=\"auto, (max-width: 1024px) 100vw, 1024px\" \/><\/figure>\n\n\n\n<p class=\"has-text-align-center\"><strong>L&rsquo;innovation au service d&rsquo;un futur durable : l&rsquo;approche d&rsquo;Archipelago<\/strong><\/p>\n\n\n\n<p class=\"has-text-align-center\">Chez Archipelago, l&rsquo;innovation est bien plus qu&rsquo;un concept, c&rsquo;est le moteur de notre action. Dans un monde en constante mutation, nous transformons les d\u00e9fis en opportunit\u00e9s de cr\u00e9er des solutions durables et adapt\u00e9es. Notre approche se fonde sur une cr\u00e9ativit\u00e9 pragmatique et une exploration constante de nouvelles voies, qu&rsquo;elles soient technologiques, organisationnelles ou collaboratives.<\/p>\n\n\n\n<p class=\"has-text-align-center\">Le <a href=\"https:\/\/www.archipelago.bzh\/index.php\/le-passeport-digital-des-produits\/\">Passeport Digital des Produits<\/a> incarne parfaitement cette vision de l&rsquo;innovation. Gr\u00e2ce \u00e0 une approche num\u00e9rique et \u00e0 l&rsquo;exploitation des donn\u00e9es, il r\u00e9volutionne la transparence et la valorisation des \u00e9quipements. Il ouvre la voie \u00e0 une gestion optimis\u00e9e et responsable, o\u00f9 chaque produit est suivi et valoris\u00e9 tout au long de son cycle de vie.<\/p>\n\n\n\n<p class=\"has-text-align-center\"><strong>L&rsquo;exp\u00e9rimentation du <a href=\"https:\/\/www.archipelago.bzh\/index.php\/le-boardriding-pass\/\">BoardRiding Pass <\/a>dans le windsurf<\/strong> t\u00e9moigne de notre engagement dans une d\u00e9marche d&rsquo;innovation continue. En tant que projet pilote, il permet de tester et d&rsquo;affiner notre mod\u00e8le, en s&rsquo;appuyant sur les retours d&rsquo;exp\u00e9rience et les donn\u00e9es collect\u00e9es.<\/p>\n\n\n\n<p class=\"has-text-align-center\">Le financement participatif <a href=\"https:\/\/kengo.bzh\/projet\/4865\/le-boardriding-pass\">Kengo <\/a>est un autre exemple de notre capacit\u00e9 \u00e0 innover dans nos mod\u00e8les \u00e9conomiques. En faisant appel \u00e0 la communaut\u00e9, nous construisons un avenir durable et inclusif.<\/p>\n\n\n\n<p class=\"has-text-align-center\">Pour aller plus loin, nous pourrions explorer l&rsquo;utilisation de l&rsquo;IA et de la science des donn\u00e9es pour optimiser le BoardRiding Pass. Des suggestions intelligentes d&rsquo;\u00e9quipements disponibles, un suivi pr\u00e9dictif de l&rsquo;entretien, autant de pistes \u00e0 explorer pour am\u00e9liorer l&rsquo;exp\u00e9rience utilisateur et renforcer l&rsquo;efficacit\u00e9 de notre mod\u00e8le. Nous devons \u00e9galement r\u00e9fl\u00e9chir \u00e0 la scalabilit\u00e9 du projet, comment l&rsquo;adapter \u00e0 d&rsquo;autres sports ou march\u00e9s, pour \u00e9tendre notre impact et construire un futur durable pour tous.<\/p>\n\n\n\n<div style=\"height:100px\" aria-hidden=\"true\" class=\"wp-block-spacer\"><\/div>\n\n\n\n<div class=\"wp-block-buttons is-content-justification-center is-layout-flex wp-container-core-buttons-is-layout-a89b3969 wp-block-buttons-is-layout-flex\">\n<div class=\"wp-block-button\"><a class=\"wp-block-button__link wp-element-button\" href=\"https:\/\/www.archipelago.bzh\/index.php\/communaute\/\">D\u00e9couvrir la communaut\u00e9<\/a><\/div>\n<\/div>\n\n\n\n<div style=\"height:100px\" aria-hidden=\"true\" class=\"wp-block-spacer\"><\/div>\n\n\n\n<p><\/p>\n","protected":false},"excerpt":{"rendered":"<p>L&rsquo;innovation au service d&rsquo;un futur durable : l&rsquo;approche d&rsquo;Archipelago Chez Archipelago, l&rsquo;innovation est bien plus qu&rsquo;un concept, c&rsquo;est le moteur de notre action. Dans un monde en constante mutation, nous transformons les d\u00e9fis en opportunit\u00e9s de cr\u00e9er des solutions durables et adapt\u00e9es. Notre approche se fonde sur une cr\u00e9ativit\u00e9 pragmatique et une exploration constante de &hellip; <\/p>\n<p class=\"link-more\"><a href=\"https:\/\/www.archipelago.bzh\/index.php\/innovation\/\" class=\"more-link\">Lire la suite de<span class=\"screen-reader-text\">\u00ab\u00a0Innovation\u00a0\u00bb<\/span><\/a><\/p>\n","protected":false},"author":1,"featured_media":0,"parent":0,"menu_order":0,"comment_status":"closed","ping_status":"closed","template":"","meta":{"inspiro_hide_title":false,"footnotes":""},"class_list":["post-96","page","type-page","status-publish","hentry"],"yoast_head":"<!-- This site is optimized with the Yoast SEO plugin v26.2 - https:\/\/yoast.com\/wordpress\/plugins\/seo\/ -->\n<title>Innovation - ARCHIPELAGO<\/title>\n<meta name=\"robots\" content=\"index, follow, max-snippet:-1, max-image-preview:large, max-video-preview:-1\" \/>\n<link rel=\"canonical\" href=\"https:\/\/www.archipelago.bzh\/index.php\/innovation\/\" \/>\n<meta property=\"og:locale\" content=\"fr_FR\" \/>\n<meta property=\"og:type\" content=\"article\" \/>\n<meta property=\"og:title\" content=\"Innovation - ARCHIPELAGO\" \/>\n<meta property=\"og:description\" content=\"L&rsquo;innovation au service d&rsquo;un futur durable : l&rsquo;approche d&rsquo;Archipelago Chez Archipelago, l&rsquo;innovation est bien plus qu&rsquo;un concept, c&rsquo;est le moteur de notre action. Dans un monde en constante mutation, nous transformons les d\u00e9fis en opportunit\u00e9s de cr\u00e9er des solutions durables et adapt\u00e9es. Notre approche se fonde sur une cr\u00e9ativit\u00e9 pragmatique et une exploration constante de &hellip; Lire la suite de\u00ab\u00a0Innovation\u00a0\u00bb\" \/>\n<meta property=\"og:url\" content=\"https:\/\/www.archipelago.bzh\/index.php\/innovation\/\" \/>\n<meta property=\"og:site_name\" content=\"ARCHIPELAGO\" \/>\n<meta property=\"article:publisher\" content=\"https:\/\/www.facebook.com\/ArchipelagoBrest\" \/>\n<meta property=\"article:modified_time\" content=\"2025-02-05T09:29:06+00:00\" \/>\n<meta property=\"og:image\" content=\"https:\/\/www.archipelago.bzh\/wp-content\/uploads\/2025\/02\/pexels-cottonbro-4836371-scaled.jpg\" \/>\n\t<meta property=\"og:image:width\" content=\"2560\" \/>\n\t<meta property=\"og:image:height\" content=\"1706\" \/>\n\t<meta property=\"og:image:type\" content=\"image\/jpeg\" \/>\n<meta name=\"twitter:card\" content=\"summary_large_image\" \/>\n<meta name=\"twitter:label1\" content=\"Dur\u00e9e de lecture estim\u00e9e\" \/>\n\t<meta name=\"twitter:data1\" content=\"2 minutes\" \/>\n<script type=\"application\/ld+json\" class=\"yoast-schema-graph\">{\"@context\":\"https:\/\/schema.org\",\"@graph\":[{\"@type\":\"WebPage\",\"@id\":\"https:\/\/www.archipelago.bzh\/index.php\/innovation\/\",\"url\":\"https:\/\/www.archipelago.bzh\/index.php\/innovation\/\",\"name\":\"Innovation - ARCHIPELAGO\",\"isPartOf\":{\"@id\":\"https:\/\/www.archipelago.bzh\/#website\"},\"primaryImageOfPage\":{\"@id\":\"https:\/\/www.archipelago.bzh\/index.php\/innovation\/#primaryimage\"},\"image\":{\"@id\":\"https:\/\/www.archipelago.bzh\/index.php\/innovation\/#primaryimage\"},\"thumbnailUrl\":\"https:\/\/www.archipelago.bzh\/wp-content\/uploads\/2025\/02\/pexels-cottonbro-4836371-1024x683.jpg\",\"datePublished\":\"2025-01-28T07:11:41+00:00\",\"dateModified\":\"2025-02-05T09:29:06+00:00\",\"breadcrumb\":{\"@id\":\"https:\/\/www.archipelago.bzh\/index.php\/innovation\/#breadcrumb\"},\"inLanguage\":\"fr-FR\",\"potentialAction\":[{\"@type\":\"ReadAction\",\"target\":[\"https:\/\/www.archipelago.bzh\/index.php\/innovation\/\"]}]},{\"@type\":\"ImageObject\",\"inLanguage\":\"fr-FR\",\"@id\":\"https:\/\/www.archipelago.bzh\/index.php\/innovation\/#primaryimage\",\"url\":\"https:\/\/www.archipelago.bzh\/wp-content\/uploads\/2025\/02\/pexels-cottonbro-4836371-scaled.jpg\",\"contentUrl\":\"https:\/\/www.archipelago.bzh\/wp-content\/uploads\/2025\/02\/pexels-cottonbro-4836371-scaled.jpg\",\"width\":2560,\"height\":1706},{\"@type\":\"BreadcrumbList\",\"@id\":\"https:\/\/www.archipelago.bzh\/index.php\/innovation\/#breadcrumb\",\"itemListElement\":[{\"@type\":\"ListItem\",\"position\":1,\"name\":\"Accueil\",\"item\":\"https:\/\/www.archipelago.bzh\/\"},{\"@type\":\"ListItem\",\"position\":2,\"name\":\"Innovation\"}]},{\"@type\":\"WebSite\",\"@id\":\"https:\/\/www.archipelago.bzh\/#website\",\"url\":\"https:\/\/www.archipelago.bzh\/\",\"name\":\"ARCHIPELAGO\",\"description\":\"Connecter les id\u00e9es et les talents du territoire\",\"publisher\":{\"@id\":\"https:\/\/www.archipelago.bzh\/#organization\"},\"potentialAction\":[{\"@type\":\"SearchAction\",\"target\":{\"@type\":\"EntryPoint\",\"urlTemplate\":\"https:\/\/www.archipelago.bzh\/?s={search_term_string}\"},\"query-input\":{\"@type\":\"PropertyValueSpecification\",\"valueRequired\":true,\"valueName\":\"search_term_string\"}}],\"inLanguage\":\"fr-FR\"},{\"@type\":\"Organization\",\"@id\":\"https:\/\/www.archipelago.bzh\/#organization\",\"name\":\"ARCHIPELAGO\",\"url\":\"https:\/\/www.archipelago.bzh\/\",\"logo\":{\"@type\":\"ImageObject\",\"inLanguage\":\"fr-FR\",\"@id\":\"https:\/\/www.archipelago.bzh\/#\/schema\/logo\/image\/\",\"url\":\"https:\/\/www.archipelago.bzh\/wp-content\/uploads\/2025\/01\/1706862449330-1.jpeg\",\"contentUrl\":\"https:\/\/www.archipelago.bzh\/wp-content\/uploads\/2025\/01\/1706862449330-1.jpeg\",\"width\":100,\"height\":100,\"caption\":\"ARCHIPELAGO\"},\"image\":{\"@id\":\"https:\/\/www.archipelago.bzh\/#\/schema\/logo\/image\/\"},\"sameAs\":[\"https:\/\/www.facebook.com\/ArchipelagoBrest\",\"https:\/\/www.linkedin.com\/company\/archipelagobzh\",\"https:\/\/www.instagram.com\/archipelago.eco\"]}]}<\/script>\n<!-- \/ Yoast SEO plugin. -->","yoast_head_json":{"title":"Innovation - ARCHIPELAGO","robots":{"index":"index","follow":"follow","max-snippet":"max-snippet:-1","max-image-preview":"max-image-preview:large","max-video-preview":"max-video-preview:-1"},"canonical":"https:\/\/www.archipelago.bzh\/index.php\/innovation\/","og_locale":"fr_FR","og_type":"article","og_title":"Innovation - ARCHIPELAGO","og_description":"L&rsquo;innovation au service d&rsquo;un futur durable : l&rsquo;approche d&rsquo;Archipelago Chez Archipelago, l&rsquo;innovation est bien plus qu&rsquo;un concept, c&rsquo;est le moteur de notre action. Dans un monde en constante mutation, nous transformons les d\u00e9fis en opportunit\u00e9s de cr\u00e9er des solutions durables et adapt\u00e9es. Notre approche se fonde sur une cr\u00e9ativit\u00e9 pragmatique et une exploration constante de &hellip; Lire la suite de\u00ab\u00a0Innovation\u00a0\u00bb","og_url":"https:\/\/www.archipelago.bzh\/index.php\/innovation\/","og_site_name":"ARCHIPELAGO","article_publisher":"https:\/\/www.facebook.com\/ArchipelagoBrest","article_modified_time":"2025-02-05T09:29:06+00:00","og_image":[{"width":2560,"height":1706,"url":"https:\/\/www.archipelago.bzh\/wp-content\/uploads\/2025\/02\/pexels-cottonbro-4836371-scaled.jpg","type":"image\/jpeg"}],"twitter_card":"summary_large_image","twitter_misc":{"Dur\u00e9e de lecture estim\u00e9e":"2 minutes"},"schema":{"@context":"https:\/\/schema.org","@graph":[{"@type":"WebPage","@id":"https:\/\/www.archipelago.bzh\/index.php\/innovation\/","url":"https:\/\/www.archipelago.bzh\/index.php\/innovation\/","name":"Innovation - ARCHIPELAGO","isPartOf":{"@id":"https:\/\/www.archipelago.bzh\/#website"},"primaryImageOfPage":{"@id":"https:\/\/www.archipelago.bzh\/index.php\/innovation\/#primaryimage"},"image":{"@id":"https:\/\/www.archipelago.bzh\/index.php\/innovation\/#primaryimage"},"thumbnailUrl":"https:\/\/www.archipelago.bzh\/wp-content\/uploads\/2025\/02\/pexels-cottonbro-4836371-1024x683.jpg","datePublished":"2025-01-28T07:11:41+00:00","dateModified":"2025-02-05T09:29:06+00:00","breadcrumb":{"@id":"https:\/\/www.archipelago.bzh\/index.php\/innovation\/#breadcrumb"},"inLanguage":"fr-FR","potentialAction":[{"@type":"ReadAction","target":["https:\/\/www.archipelago.bzh\/index.php\/innovation\/"]}]},{"@type":"ImageObject","inLanguage":"fr-FR","@id":"https:\/\/www.archipelago.bzh\/index.php\/innovation\/#primaryimage","url":"https:\/\/www.archipelago.bzh\/wp-content\/uploads\/2025\/02\/pexels-cottonbro-4836371-scaled.jpg","contentUrl":"https:\/\/www.archipelago.bzh\/wp-content\/uploads\/2025\/02\/pexels-cottonbro-4836371-scaled.jpg","width":2560,"height":1706},{"@type":"BreadcrumbList","@id":"https:\/\/www.archipelago.bzh\/index.php\/innovation\/#breadcrumb","itemListElement":[{"@type":"ListItem","position":1,"name":"Accueil","item":"https:\/\/www.archipelago.bzh\/"},{"@type":"ListItem","position":2,"name":"Innovation"}]},{"@type":"WebSite","@id":"https:\/\/www.archipelago.bzh\/#website","url":"https:\/\/www.archipelago.bzh\/","name":"ARCHIPELAGO","description":"Connecter les id\u00e9es et les talents du territoire","publisher":{"@id":"https:\/\/www.archipelago.bzh\/#organization"},"potentialAction":[{"@type":"SearchAction","target":{"@type":"EntryPoint","urlTemplate":"https:\/\/www.archipelago.bzh\/?s={search_term_string}"},"query-input":{"@type":"PropertyValueSpecification","valueRequired":true,"valueName":"search_term_string"}}],"inLanguage":"fr-FR"},{"@type":"Organization","@id":"https:\/\/www.archipelago.bzh\/#organization","name":"ARCHIPELAGO","url":"https:\/\/www.archipelago.bzh\/","logo":{"@type":"ImageObject","inLanguage":"fr-FR","@id":"https:\/\/www.archipelago.bzh\/#\/schema\/logo\/image\/","url":"https:\/\/www.archipelago.bzh\/wp-content\/uploads\/2025\/01\/1706862449330-1.jpeg","contentUrl":"https:\/\/www.archipelago.bzh\/wp-content\/uploads\/2025\/01\/1706862449330-1.jpeg","width":100,"height":100,"caption":"ARCHIPELAGO"},"image":{"@id":"https:\/\/www.archipelago.bzh\/#\/schema\/logo\/image\/"},"sameAs":["https:\/\/www.facebook.com\/ArchipelagoBrest","https:\/\/www.linkedin.com\/company\/archipelagobzh","https:\/\/www.instagram.com\/archipelago.eco"]}]}},"_links":{"self":[{"href":"https:\/\/www.archipelago.bzh\/index.php\/wp-json\/wp\/v2\/pages\/96","targetHints":{"allow":["GET"]}}],"collection":[{"href":"https:\/\/www.archipelago.bzh\/index.php\/wp-json\/wp\/v2\/pages"}],"about":[{"href":"https:\/\/www.archipelago.bzh\/index.php\/wp-json\/wp\/v2\/types\/page"}],"author":[{"embeddable":true,"href":"https:\/\/www.archipelago.bzh\/index.php\/wp-json\/wp\/v2\/users\/1"}],"replies":[{"embeddable":true,"href":"https:\/\/www.archipelago.bzh\/index.php\/wp-json\/wp\/v2\/comments?post=96"}],"version-history":[{"count":3,"href":"https:\/\/www.archipelago.bzh\/index.php\/wp-json\/wp\/v2\/pages\/96\/revisions"}],"predecessor-version":[{"id":443,"href":"https:\/\/www.archipelago.bzh\/index.php\/wp-json\/wp\/v2\/pages\/96\/revisions\/443"}],"wp:attachment":[{"href":"https:\/\/www.archipelago.bzh\/index.php\/wp-json\/wp\/v2\/media?parent=96"}],"curies":[{"name":"wp","href":"https:\/\/api.w.org\/{rel}","templated":true}]}}