{"id":99,"date":"2025-01-28T08:12:36","date_gmt":"2025-01-28T07:12:36","guid":{"rendered":"https:\/\/www.archipelago.bzh\/?page_id=99"},"modified":"2025-02-05T11:08:27","modified_gmt":"2025-02-05T10:08:27","slug":"communaute","status":"publish","type":"page","link":"https:\/\/www.archipelago.bzh\/index.php\/communaute\/","title":{"rendered":"Communaut\u00e9"},"content":{"rendered":"\n<h3 class=\"wp-block-heading\"><strong>Ensemble, nous cr\u00e9ons du sens et de l\u2019impact<\/strong><\/h3>\n\n\n\n<figure class=\"wp-block-image size-large\"><img loading=\"lazy\" decoding=\"async\" width=\"1024\" height=\"287\" src=\"https:\/\/www.archipelago.bzh\/wp-content\/uploads\/2025\/02\/By_L_OLIVIER--1024x287.jpg\" alt=\"\" class=\"wp-image-448\" srcset=\"https:\/\/www.archipelago.bzh\/wp-content\/uploads\/2025\/02\/By_L_OLIVIER--1024x287.jpg 1024w, https:\/\/www.archipelago.bzh\/wp-content\/uploads\/2025\/02\/By_L_OLIVIER--300x84.jpg 300w, https:\/\/www.archipelago.bzh\/wp-content\/uploads\/2025\/02\/By_L_OLIVIER-.jpg 2000w\" sizes=\"auto, (max-width: 1024px) 100vw, 1024px\" \/><\/figure>\n\n\n\n<div style=\"height:100px\" aria-hidden=\"true\" class=\"wp-block-spacer\"><\/div>\n\n\n\n<p class=\"has-text-align-center\">Ce projet s&rsquo;articule autour d&rsquo;une conviction profonde : <strong>le pouvoir du collectif est la cl\u00e9 pour une glisse plus responsable.<\/strong> Comme l&rsquo;affirme Archipelago, chaque initiative est une aventure humaine o\u00f9 la collaboration est essentielle. En r\u00e9unissant riders, clubs, marques et acteurs locaux, nous cr\u00e9ons un \u00e9cosyst\u00e8me dynamique o\u00f9 les id\u00e9es s&rsquo;enrichissent mutuellement et o\u00f9 les solutions \u00e9mergent du terrain.<\/p>\n\n\n\n<p>Concr\u00e8tement, cela se traduit par :<\/p>\n\n\n\n<ul class=\"wp-block-list\">\n<li><strong>Des \u00e9v\u00e9nements f\u00e9d\u00e9rateurs au Caf\u00e9 suspendu<\/strong>: workshops, afterworks et soir\u00e9es de lancement permettront aux passionn\u00e9s de se rencontrer, d&rsquo;\u00e9changer et de co-construire l&rsquo;avenir de leur pratique.<\/li>\n\n\n\n<li><strong>Des partenariats locaux<\/strong> : en travaillant main dans la main avec les clubs, les \u00e9coles et les entreprises locales, nous ancrons le projet dans le r\u00e9el et maximisons son impact.<\/li>\n\n\n\n<li><strong>Un programme d&rsquo;ambassadeurs<\/strong> : chaque discipline nautique aura son repr\u00e9sentant. <\/li>\n<\/ul>\n\n\n\n<p class=\"has-text-align-center\"><strong>La voix de la communaut\u00e9 est au c\u0153ur du projet.<\/strong> Des t\u00e9moignages de riders et d&rsquo;associations locales seront mis en avant pour illustrer l&rsquo;engagement et l&rsquo;enthousiasme que suscite cette d\u00e9marche. C&rsquo;est en \u00e9coutant et en respectant chaque acteur que nous construirons un avenir durable pour la glisse.<\/p>\n\n\n\n<p class=\"has-text-align-center\">Ensemble, en mutualisant nos ressources et nos savoirs, nous donnerons plus de force \u00e0 cette initiative et ferons la diff\u00e9rence pour une glisse plus responsable.<\/p>\n\n\n\n<div class=\"wp-block-columns is-layout-flex wp-container-core-columns-is-layout-28f84493 wp-block-columns-is-layout-flex\">\n<div class=\"wp-block-column is-layout-flow wp-block-column-is-layout-flow\">\n<figure class=\"wp-block-image size-large\"><img loading=\"lazy\" decoding=\"async\" width=\"724\" height=\"1024\" src=\"https:\/\/www.archipelago.bzh\/wp-content\/uploads\/2025\/02\/beach-race-crozon_vectorise-copie-724x1024.jpg\" alt=\"\" class=\"wp-image-456\" srcset=\"https:\/\/www.archipelago.bzh\/wp-content\/uploads\/2025\/02\/beach-race-crozon_vectorise-copie-724x1024.jpg 724w, https:\/\/www.archipelago.bzh\/wp-content\/uploads\/2025\/02\/beach-race-crozon_vectorise-copie-212x300.jpg 212w, https:\/\/www.archipelago.bzh\/wp-content\/uploads\/2025\/02\/beach-race-crozon_vectorise-copie-2000x2828.jpg 2000w, https:\/\/www.archipelago.bzh\/wp-content\/uploads\/2025\/02\/beach-race-crozon_vectorise-copie-scaled.jpg 1810w\" sizes=\"auto, (max-width: 724px) 100vw, 724px\" \/><\/figure>\n<\/div>\n\n\n\n<div class=\"wp-block-column is-layout-flow wp-block-column-is-layout-flow\">\n<figure class=\"wp-block-image size-large\"><img loading=\"lazy\" decoding=\"async\" width=\"724\" height=\"1024\" src=\"https:\/\/www.archipelago.bzh\/wp-content\/uploads\/2025\/02\/beach-race-wind--724x1024.jpg\" alt=\"\" class=\"wp-image-457\" srcset=\"https:\/\/www.archipelago.bzh\/wp-content\/uploads\/2025\/02\/beach-race-wind--724x1024.jpg 724w, https:\/\/www.archipelago.bzh\/wp-content\/uploads\/2025\/02\/beach-race-wind--212x300.jpg 212w, https:\/\/www.archipelago.bzh\/wp-content\/uploads\/2025\/02\/beach-race-wind--2000x2829.jpg 2000w, https:\/\/www.archipelago.bzh\/wp-content\/uploads\/2025\/02\/beach-race-wind--scaled.jpg 1810w\" sizes=\"auto, (max-width: 724px) 100vw, 724px\" \/><\/figure>\n<\/div>\n\n\n\n<div class=\"wp-block-column is-layout-flow wp-block-column-is-layout-flow\">\n<figure class=\"wp-block-image size-large\"><img loading=\"lazy\" decoding=\"async\" width=\"724\" height=\"1024\" src=\"https:\/\/www.archipelago.bzh\/wp-content\/uploads\/2025\/02\/beach_race_3_penfoul-724x1024.jpg\" alt=\"\" class=\"wp-image-459\" srcset=\"https:\/\/www.archipelago.bzh\/wp-content\/uploads\/2025\/02\/beach_race_3_penfoul-724x1024.jpg 724w, https:\/\/www.archipelago.bzh\/wp-content\/uploads\/2025\/02\/beach_race_3_penfoul-212x300.jpg 212w, https:\/\/www.archipelago.bzh\/wp-content\/uploads\/2025\/02\/beach_race_3_penfoul-2000x2828.jpg 2000w, https:\/\/www.archipelago.bzh\/wp-content\/uploads\/2025\/02\/beach_race_3_penfoul-scaled.jpg 1811w\" sizes=\"auto, (max-width: 724px) 100vw, 724px\" \/><\/figure>\n<\/div>\n<\/div>\n\n\n\n<div style=\"height:100px\" aria-hidden=\"true\" class=\"wp-block-spacer\"><\/div>\n\n\n\n<div class=\"wp-block-buttons is-content-justification-center is-layout-flex wp-container-core-buttons-is-layout-a89b3969 wp-block-buttons-is-layout-flex\">\n<div class=\"wp-block-button\"><a class=\"wp-block-button__link wp-element-button\" href=\"https:\/\/www.archipelago.bzh\/index.php\/solidarite\/\">D\u00e9couvrir notre solidarit\u00e9<\/a><\/div>\n<\/div>\n\n\n\n<div style=\"height:100px\" aria-hidden=\"true\" class=\"wp-block-spacer\"><\/div>\n\n\n\n<div style=\"height:129px\" aria-hidden=\"true\" class=\"wp-block-spacer\"><\/div>\n\n\n\n<p><\/p>\n","protected":false},"excerpt":{"rendered":"<p>Ensemble, nous cr\u00e9ons du sens et de l\u2019impact Ce projet s&rsquo;articule autour d&rsquo;une conviction profonde : le pouvoir du collectif est la cl\u00e9 pour une glisse plus responsable. Comme l&rsquo;affirme Archipelago, chaque initiative est une aventure humaine o\u00f9 la collaboration est essentielle. En r\u00e9unissant riders, clubs, marques et acteurs locaux, nous cr\u00e9ons un \u00e9cosyst\u00e8me dynamique &hellip; <\/p>\n<p class=\"link-more\"><a href=\"https:\/\/www.archipelago.bzh\/index.php\/communaute\/\" class=\"more-link\">Lire la suite de<span class=\"screen-reader-text\">\u00ab\u00a0Communaut\u00e9\u00a0\u00bb<\/span><\/a><\/p>\n","protected":false},"author":1,"featured_media":0,"parent":0,"menu_order":0,"comment_status":"closed","ping_status":"closed","template":"","meta":{"inspiro_hide_title":false,"footnotes":""},"class_list":["post-99","page","type-page","status-publish","hentry"],"yoast_head":"<!-- This site is optimized with the Yoast SEO plugin v26.2 - https:\/\/yoast.com\/wordpress\/plugins\/seo\/ -->\n<title>Communaut\u00e9 - ARCHIPELAGO<\/title>\n<meta name=\"robots\" content=\"index, follow, max-snippet:-1, max-image-preview:large, max-video-preview:-1\" \/>\n<link rel=\"canonical\" href=\"https:\/\/www.archipelago.bzh\/index.php\/communaute\/\" \/>\n<meta property=\"og:locale\" content=\"fr_FR\" \/>\n<meta property=\"og:type\" content=\"article\" \/>\n<meta property=\"og:title\" content=\"Communaut\u00e9 - ARCHIPELAGO\" \/>\n<meta property=\"og:description\" content=\"Ensemble, nous cr\u00e9ons du sens et de l\u2019impact Ce projet s&rsquo;articule autour d&rsquo;une conviction profonde : le pouvoir du collectif est la cl\u00e9 pour une glisse plus responsable. Comme l&rsquo;affirme Archipelago, chaque initiative est une aventure humaine o\u00f9 la collaboration est essentielle. En r\u00e9unissant riders, clubs, marques et acteurs locaux, nous cr\u00e9ons un \u00e9cosyst\u00e8me dynamique &hellip; Lire la suite de\u00ab\u00a0Communaut\u00e9\u00a0\u00bb\" \/>\n<meta property=\"og:url\" content=\"https:\/\/www.archipelago.bzh\/index.php\/communaute\/\" \/>\n<meta property=\"og:site_name\" content=\"ARCHIPELAGO\" \/>\n<meta property=\"article:publisher\" content=\"https:\/\/www.facebook.com\/ArchipelagoBrest\" \/>\n<meta property=\"article:modified_time\" content=\"2025-02-05T10:08:27+00:00\" \/>\n<meta property=\"og:image\" content=\"https:\/\/www.archipelago.bzh\/wp-content\/uploads\/2025\/02\/By_L_OLIVIER-.jpg\" \/>\n\t<meta property=\"og:image:width\" content=\"2000\" \/>\n\t<meta property=\"og:image:height\" content=\"560\" \/>\n\t<meta property=\"og:image:type\" content=\"image\/jpeg\" \/>\n<meta name=\"twitter:card\" content=\"summary_large_image\" \/>\n<meta name=\"twitter:label1\" content=\"Dur\u00e9e de lecture estim\u00e9e\" \/>\n\t<meta name=\"twitter:data1\" content=\"2 minutes\" \/>\n<script type=\"application\/ld+json\" class=\"yoast-schema-graph\">{\"@context\":\"https:\/\/schema.org\",\"@graph\":[{\"@type\":\"WebPage\",\"@id\":\"https:\/\/www.archipelago.bzh\/index.php\/communaute\/\",\"url\":\"https:\/\/www.archipelago.bzh\/index.php\/communaute\/\",\"name\":\"Communaut\u00e9 - ARCHIPELAGO\",\"isPartOf\":{\"@id\":\"https:\/\/www.archipelago.bzh\/#website\"},\"primaryImageOfPage\":{\"@id\":\"https:\/\/www.archipelago.bzh\/index.php\/communaute\/#primaryimage\"},\"image\":{\"@id\":\"https:\/\/www.archipelago.bzh\/index.php\/communaute\/#primaryimage\"},\"thumbnailUrl\":\"https:\/\/www.archipelago.bzh\/wp-content\/uploads\/2025\/02\/By_L_OLIVIER--1024x287.jpg\",\"datePublished\":\"2025-01-28T07:12:36+00:00\",\"dateModified\":\"2025-02-05T10:08:27+00:00\",\"breadcrumb\":{\"@id\":\"https:\/\/www.archipelago.bzh\/index.php\/communaute\/#breadcrumb\"},\"inLanguage\":\"fr-FR\",\"potentialAction\":[{\"@type\":\"ReadAction\",\"target\":[\"https:\/\/www.archipelago.bzh\/index.php\/communaute\/\"]}]},{\"@type\":\"ImageObject\",\"inLanguage\":\"fr-FR\",\"@id\":\"https:\/\/www.archipelago.bzh\/index.php\/communaute\/#primaryimage\",\"url\":\"https:\/\/www.archipelago.bzh\/wp-content\/uploads\/2025\/02\/By_L_OLIVIER-.jpg\",\"contentUrl\":\"https:\/\/www.archipelago.bzh\/wp-content\/uploads\/2025\/02\/By_L_OLIVIER-.jpg\",\"width\":2000,\"height\":560},{\"@type\":\"BreadcrumbList\",\"@id\":\"https:\/\/www.archipelago.bzh\/index.php\/communaute\/#breadcrumb\",\"itemListElement\":[{\"@type\":\"ListItem\",\"position\":1,\"name\":\"Accueil\",\"item\":\"https:\/\/www.archipelago.bzh\/\"},{\"@type\":\"ListItem\",\"position\":2,\"name\":\"Communaut\u00e9\"}]},{\"@type\":\"WebSite\",\"@id\":\"https:\/\/www.archipelago.bzh\/#website\",\"url\":\"https:\/\/www.archipelago.bzh\/\",\"name\":\"ARCHIPELAGO\",\"description\":\"Connecter les id\u00e9es et les talents du territoire\",\"publisher\":{\"@id\":\"https:\/\/www.archipelago.bzh\/#organization\"},\"potentialAction\":[{\"@type\":\"SearchAction\",\"target\":{\"@type\":\"EntryPoint\",\"urlTemplate\":\"https:\/\/www.archipelago.bzh\/?s={search_term_string}\"},\"query-input\":{\"@type\":\"PropertyValueSpecification\",\"valueRequired\":true,\"valueName\":\"search_term_string\"}}],\"inLanguage\":\"fr-FR\"},{\"@type\":\"Organization\",\"@id\":\"https:\/\/www.archipelago.bzh\/#organization\",\"name\":\"ARCHIPELAGO\",\"url\":\"https:\/\/www.archipelago.bzh\/\",\"logo\":{\"@type\":\"ImageObject\",\"inLanguage\":\"fr-FR\",\"@id\":\"https:\/\/www.archipelago.bzh\/#\/schema\/logo\/image\/\",\"url\":\"https:\/\/www.archipelago.bzh\/wp-content\/uploads\/2025\/01\/1706862449330-1.jpeg\",\"contentUrl\":\"https:\/\/www.archipelago.bzh\/wp-content\/uploads\/2025\/01\/1706862449330-1.jpeg\",\"width\":100,\"height\":100,\"caption\":\"ARCHIPELAGO\"},\"image\":{\"@id\":\"https:\/\/www.archipelago.bzh\/#\/schema\/logo\/image\/\"},\"sameAs\":[\"https:\/\/www.facebook.com\/ArchipelagoBrest\",\"https:\/\/www.linkedin.com\/company\/archipelagobzh\",\"https:\/\/www.instagram.com\/archipelago.eco\"]}]}<\/script>\n<!-- \/ Yoast SEO plugin. -->","yoast_head_json":{"title":"Communaut\u00e9 - ARCHIPELAGO","robots":{"index":"index","follow":"follow","max-snippet":"max-snippet:-1","max-image-preview":"max-image-preview:large","max-video-preview":"max-video-preview:-1"},"canonical":"https:\/\/www.archipelago.bzh\/index.php\/communaute\/","og_locale":"fr_FR","og_type":"article","og_title":"Communaut\u00e9 - ARCHIPELAGO","og_description":"Ensemble, nous cr\u00e9ons du sens et de l\u2019impact Ce projet s&rsquo;articule autour d&rsquo;une conviction profonde : le pouvoir du collectif est la cl\u00e9 pour une glisse plus responsable. Comme l&rsquo;affirme Archipelago, chaque initiative est une aventure humaine o\u00f9 la collaboration est essentielle. En r\u00e9unissant riders, clubs, marques et acteurs locaux, nous cr\u00e9ons un \u00e9cosyst\u00e8me dynamique &hellip; Lire la suite de\u00ab\u00a0Communaut\u00e9\u00a0\u00bb","og_url":"https:\/\/www.archipelago.bzh\/index.php\/communaute\/","og_site_name":"ARCHIPELAGO","article_publisher":"https:\/\/www.facebook.com\/ArchipelagoBrest","article_modified_time":"2025-02-05T10:08:27+00:00","og_image":[{"width":2000,"height":560,"url":"https:\/\/www.archipelago.bzh\/wp-content\/uploads\/2025\/02\/By_L_OLIVIER-.jpg","type":"image\/jpeg"}],"twitter_card":"summary_large_image","twitter_misc":{"Dur\u00e9e de lecture estim\u00e9e":"2 minutes"},"schema":{"@context":"https:\/\/schema.org","@graph":[{"@type":"WebPage","@id":"https:\/\/www.archipelago.bzh\/index.php\/communaute\/","url":"https:\/\/www.archipelago.bzh\/index.php\/communaute\/","name":"Communaut\u00e9 - ARCHIPELAGO","isPartOf":{"@id":"https:\/\/www.archipelago.bzh\/#website"},"primaryImageOfPage":{"@id":"https:\/\/www.archipelago.bzh\/index.php\/communaute\/#primaryimage"},"image":{"@id":"https:\/\/www.archipelago.bzh\/index.php\/communaute\/#primaryimage"},"thumbnailUrl":"https:\/\/www.archipelago.bzh\/wp-content\/uploads\/2025\/02\/By_L_OLIVIER--1024x287.jpg","datePublished":"2025-01-28T07:12:36+00:00","dateModified":"2025-02-05T10:08:27+00:00","breadcrumb":{"@id":"https:\/\/www.archipelago.bzh\/index.php\/communaute\/#breadcrumb"},"inLanguage":"fr-FR","potentialAction":[{"@type":"ReadAction","target":["https:\/\/www.archipelago.bzh\/index.php\/communaute\/"]}]},{"@type":"ImageObject","inLanguage":"fr-FR","@id":"https:\/\/www.archipelago.bzh\/index.php\/communaute\/#primaryimage","url":"https:\/\/www.archipelago.bzh\/wp-content\/uploads\/2025\/02\/By_L_OLIVIER-.jpg","contentUrl":"https:\/\/www.archipelago.bzh\/wp-content\/uploads\/2025\/02\/By_L_OLIVIER-.jpg","width":2000,"height":560},{"@type":"BreadcrumbList","@id":"https:\/\/www.archipelago.bzh\/index.php\/communaute\/#breadcrumb","itemListElement":[{"@type":"ListItem","position":1,"name":"Accueil","item":"https:\/\/www.archipelago.bzh\/"},{"@type":"ListItem","position":2,"name":"Communaut\u00e9"}]},{"@type":"WebSite","@id":"https:\/\/www.archipelago.bzh\/#website","url":"https:\/\/www.archipelago.bzh\/","name":"ARCHIPELAGO","description":"Connecter les id\u00e9es et les talents du territoire","publisher":{"@id":"https:\/\/www.archipelago.bzh\/#organization"},"potentialAction":[{"@type":"SearchAction","target":{"@type":"EntryPoint","urlTemplate":"https:\/\/www.archipelago.bzh\/?s={search_term_string}"},"query-input":{"@type":"PropertyValueSpecification","valueRequired":true,"valueName":"search_term_string"}}],"inLanguage":"fr-FR"},{"@type":"Organization","@id":"https:\/\/www.archipelago.bzh\/#organization","name":"ARCHIPELAGO","url":"https:\/\/www.archipelago.bzh\/","logo":{"@type":"ImageObject","inLanguage":"fr-FR","@id":"https:\/\/www.archipelago.bzh\/#\/schema\/logo\/image\/","url":"https:\/\/www.archipelago.bzh\/wp-content\/uploads\/2025\/01\/1706862449330-1.jpeg","contentUrl":"https:\/\/www.archipelago.bzh\/wp-content\/uploads\/2025\/01\/1706862449330-1.jpeg","width":100,"height":100,"caption":"ARCHIPELAGO"},"image":{"@id":"https:\/\/www.archipelago.bzh\/#\/schema\/logo\/image\/"},"sameAs":["https:\/\/www.facebook.com\/ArchipelagoBrest","https:\/\/www.linkedin.com\/company\/archipelagobzh","https:\/\/www.instagram.com\/archipelago.eco"]}]}},"_links":{"self":[{"href":"https:\/\/www.archipelago.bzh\/index.php\/wp-json\/wp\/v2\/pages\/99","targetHints":{"allow":["GET"]}}],"collection":[{"href":"https:\/\/www.archipelago.bzh\/index.php\/wp-json\/wp\/v2\/pages"}],"about":[{"href":"https:\/\/www.archipelago.bzh\/index.php\/wp-json\/wp\/v2\/types\/page"}],"author":[{"embeddable":true,"href":"https:\/\/www.archipelago.bzh\/index.php\/wp-json\/wp\/v2\/users\/1"}],"replies":[{"embeddable":true,"href":"https:\/\/www.archipelago.bzh\/index.php\/wp-json\/wp\/v2\/comments?post=99"}],"version-history":[{"count":6,"href":"https:\/\/www.archipelago.bzh\/index.php\/wp-json\/wp\/v2\/pages\/99\/revisions"}],"predecessor-version":[{"id":460,"href":"https:\/\/www.archipelago.bzh\/index.php\/wp-json\/wp\/v2\/pages\/99\/revisions\/460"}],"wp:attachment":[{"href":"https:\/\/www.archipelago.bzh\/index.php\/wp-json\/wp\/v2\/media?parent=99"}],"curies":[{"name":"wp","href":"https:\/\/api.w.org\/{rel}","templated":true}]}}